e thousands digit of 6669?
6
What is the ten thousands digit of 40350?
4
What is the thousands digit of 27140?
7
What is the tens digit of 8624?
2
What is the tens digit of 1109?
0
What is the hundreds digit of 2042?
0
What is the units digit of 47840?
0
What is the tens digit of 168?
6
What is the ten thousands digit of 18580?
1
What is the units digit of 317?
7
What is the hundreds digit of 77136?
1
What is the tens digit of 53166?
6
What is the hundreds digit of 26585?
5
What is the tens digit of 11?
1
What is the thousands digit of 2171?
2
What is the thousands digit of 138024?
8
What is the tens digit of 984?
8
What is the units digit of 1851?
1
What is the units digit of 9754?
4
What is the units digit of 10200?
0
What is the units digit of 1265?
5
What is the hundreds digit of 372?
3
What is the tens digit of 7142?
4
What is the tens digit of 9947?
4
What is the tens digit of 1751?
5
What is the thousands digit of 24305?
4
What is the units digit of 57759?
9
What is the tens digit of 8858?
5
What is the thousands digit of 3571?
3
What is the units digit of 37640?
0
What is the hundreds digit of 6454?
4
What is the units digit of 226?
6
What is the ten thousands digit of 92108?
9
What is the hundreds digit of 224?
2
What is the hundreds digit of 4446?
4
What is the units digit of 350?
0
What is the units digit of 772?
2
What is the tens digit of 625?
2
What is the hundreds digit of 12488?
4
What is the ten thousands digit of 74572?
7
What is the tens digit of 676?
7
What is the tens digit of 3837?
3
What is the units digit of 803?
3
What is the units digit of 52389?
9
What is the tens digit of 6803?
0
What is the hundreds digit of 815?
8
What is the hundreds digit of 11609?
6
What is the tens digit of 12283?
8
What is the thousands digit of 1714?
1
What is the units digit of 2111?
1
What is the tens digit of 1037?
3
What is the units digit of 58512?
2
What is the thousands digit of 3795?
3
What is the hundred thousands digit of 140161?
1
What is the units digit of 1169?
9
What is the units digit of 5760?
0
What is the hundreds digit of 6006?
0
What is the units digit of 9986?
6
What is the units digit of 4797?
7
What is the units digit of 561?
1
What is the units digit of 12316?
6
What is the tens digit of 956?
5
What is the tens digit of 45002?
0
What is the thousands digit of 17193?
7
What is the tens digit of 4107?
0
What is the tens digit of 754?
5
What is the tens digit of 65872?
7
What is the hundreds digit of 10479?
4
What is the tens digit of 5129?
2
What is the tens digit of 1850?
5
What is the tens digit of 21?
2
What is the hundreds digit of 34799?
7
What is the thousands digit of 1235?
1
What is the thousands digit of 7170?
7
What is the hundreds digit of 2596?
5
What is the thousands digit of 8921?
8
What is the tens digit of 1193?
9
What is the hundreds digit of 32513?
5
What is the tens digit of 72?
7
What is the units digit of 9675?
5
What is the units digit of 87839?
9
What is the units digit of 97682?
2
What is the thousands digit of 62293?
2
What is the hundreds digit of 8241?
2
What is the hundreds digit of 68618?
6
What is the units digit of 29?
9
What is the ten thousands digit of 79884?
7
What is the ten thousands digit of 13801?
1
What is the tens digit of 886?
8
What is the tens digit of 58833?
3
What is the thousands digit of 1240?
1
What is the units digit of 53472?
2
What is the thousands digit of 13379?
3
What is the thousands digit of 13725?
3
What is the thousands digit of 4097?
4
What is the units digit of 5812?
2
What is the tens digit of 2692?
9
What is the units digit of 822?
2
What is the units digit of 3125?
5
What is the units digit of 38931?
1
What is the units digit of 21783?
3
What is the tens digit of 451?
5
What is the units digit of 5277?
7
What is the units digit of 3176?
6
What is the hundreds digit of 1397?
3
What is the hundreds digit of 5506?
5
What is the hundreds digit of 4845?
8
What is the tens digit of 55797?
9
What is the tens digit of 12497?
9
What is the hundreds digit of 786?
7
What is the hundreds digit of 35984?
9
What is the hundreds digit of 427?
4
What is the tens digit of 10496?
9
What is the tens digit of 1864?
6
What is the tens digit of 6816?
1
What is the units digit of 3298?
8
What is the tens digit of 3507?
0
What is the thousands digit of 2553?
2
What is the thousands digit of 17536?
7
What is the thousands digit of 11775?
1
What is the thousands digit of 1250?
1
What is the units digit of 2447?
7
What is the thousands digit of 7368?
7
What is the units digit of 1719?
9
What is the hundreds digit of 38388?
3
What is the hundreds digit of 36871?
8
What is the thousands digit of 62164?
2
What is the units digit of 627?
7
What is the thousands digit of 15033?
5
What is the ten thousands digit of 103625?
0
What is the units digit of 5939?
9
What is the tens digit of 3787?
8
What is the units digit of 934?
4
What is the thousands digit of 2111?
2
What is the tens digit of 5780?
8
What is the hundreds digit of 4449?
4
What is the thousands digit of 81556?
1
What is the thousands digit of 29276?
9
What is the units digit of 9484?
4
What is the tens digit of 5204?
0
What is the tens digit of 374?
7
What is the hundreds digit of 1180?
1
What is the thousands digit of 16296?
6
What is the thousands digit of 119361?
9
What is the tens digit of 324?
2
What is the units digit of 3943?
3
What is the units digit of 2571?
1
What is the units digit of 115043?
3
What is the thousands digit of 3271?
3
What is the ten thousands digit of 13139?
1
What is the thousands digit of 19722?
9
What is the ten thousands digit of 26205?
2
What is the units digit of 24011?
1
What is the thousands digit of 27202?
7
What is the tens digit of 3230?
3
What is the ten thousands digit of 41377?
4
What is the tens digit of 44?
4
What is the hundreds digit of 49032?
0
What is the hundreds digit of 1139?
1
What is the tens digit of 6787?
8
What is the tens digit of 1191?
9
What is the hundreds digit of 151?
1
What is the thousands digit of 1624?
1
What is the ten thousands digit of 93082?
9
What is the tens digit of 914?
1
What is the hundreds digit of 4384?
3
What is the thousands digit of 12028?
2
What is the units digit of 3810?
0
What is the ten thousands digit of 67977?
6
What is the units digit of 4133?
3
What is the tens digit of 1317?
1
What is the thousands digit of 7655?
7
What is the tens digit of 20693?
9
What is the thousands digit of 29840?
9
What is the hundreds digit of 223?
2
What is the tens digit of 2146?
4
What is the ten thousands digit of 29725?
2
What is the thousands digit of 1221?
1
What is the units digit of 236?
6
What is the thousands digit of 1611?
1
What is the tens digit of 320?
2
What is the tens digit of 518?
1
What is the hundreds digit of 1898?
8
What is the tens digit of 978?
7
What is the units digit of 363?
3
What is the hundreds digit of 102469?
4
What is the hundreds digit of 3211?
2
What is the ten thousands digit of 55231?
5
What is the thousands digit of 13767?
3
What is the tens digit of 68548?
4
What is the ten thousands digit of 14811?
1
What is the tens digit of 1361?
6
What is the hundreds digit of 1116?
1
What is the thousands digit of 42927?
2
What is the hundreds digit of 135?
1
What is the hundreds digit of 6782?
7
What is the units digit of 9313?
3
What is the hundreds digit of 59360?
3
What is the hundreds digit of 1805?
8
What is the ten thousands digit of 87886?
8
What is the hundreds digit of 82168?
1
What is the units digit of 1027?
7
What is the tens digit of 2644?
4
What is the thousands digit of 19013?
9
What is the tens digit of 63757?
5
What is the hundreds digit of 5597?
5
What is the hundreds digit of 177?
1
What is the ten thousands digit of 95364?
9
What is the ten thousands digit of 20078?
2
What is the hundreds digit of 37432?
4
What is the units digit of 48163?
3
What is the tens digit of 19630?
3
What is the tens digit of 2824?
2
What is the units digit of 1276?
6
What is the tens digit of 2644?
4
What is the tens digit of 20092?
9
What is the tens digit of 15733?
3
What is the hundreds digit of 733?
7
What is the tens digit of 84?
8
What is the units digit of 44967?
7
What is the hundred thousands digit of 113184?
1
What is the tens